 the prime factors of s(8)?
53
Let r be -1 + 2 - (-1 + 0). Suppose 5*j + 25 = r*n + n, 0 = n - j - 7. Suppose -u = -n*u + 192. What are the prime factors of u?
2, 3
Suppose 0 = 4*v + g - 1873 + 204, -2*g + 836 = 2*v. What are the prime factors of v?
3, 139
Let y be (-34)/2*(-35)/(-5). Let o = y - -297. List the prime factors of o.
2, 89
Suppose 2*n = f - 313, -41*f + 45*f = 5*n + 1237. List the prime factors of f.
3, 101
Suppose 9353 = 12*y + 509. List the prime factors of y.
11, 67
Suppose g - 59 = 4*g - 4*m, 2*m + 8 = 0. Let x = g + 26. Let u(s) = 20*s**2 - 1. List the prime factors of u(x).
19
Suppose -10492 = -3*q + 7*r - 5*r, 6993 = 2*q - r. List the prime factors of q.
2, 1747
Suppose -4*u + 18 = -2. Suppose -5*x - 2*a = -36, -u*x - 6*a = -a - 30. What are the prime factors of x?
2
Suppose 2*v - 24 = -0*v. Let r = 79 - v. What are the prime factors of r?
67
Suppose 1687 = 4*b + 5*u, 3*b + 2*u = -0*b + 1267. List the prime factors of b.
3, 47
Let d be (-671)/(-44) - 2/8. Let c = d - -6. What are the prime factors of 279/7 - (-3)/c?
2, 5
What are the prime factors of (-2)/3 + 14292/54?
2, 3, 11
Suppose -24 = 5*i + i. Let o(c) = -27*c - 15. What are the prime factors of o(i)?
3, 31
Suppose -3 = -5*d - 23. Let l(n) = -n**2 - n**2 - 1 - n**3 - 3*n**2 - 6*n. List the prime factors of l(d).
7
Let s(c) = -c**3 + 9*c**2 - 6*c - 10. Let q be s(8). Let a(l) = -l + 0*l + q*l + 0*l. List the prime factors of a(6).
2, 3, 5
Let k be ((-1)/(-4) - 1)*-144. Suppose 0 = 4*y - k + 28. What are the prime factors of y?
2, 5
Suppose 0 = -6*b + 400 + 8786. List the prime factors of b.
1531
Suppose -43 = -11*a + 122. Let h(n) = -n**3 + 15*n**2 + 10*n + 14. List the prime factors of h(a).
2, 41
Let r = -848 + 1207. What are the prime factors of r?
359
Let f(p) = 17*p - 4. Let c be f(10). Let o = 298 - c. Suppose -k - o = -5*k. What are the prime factors of k?
3, 11
List the prime factors of (-7574)/(-4) + 2 - 2/4.
5, 379
Let j = -528 - -1050. List the prime factors of j.
2, 3, 29
Let b(s) = -s**3 + 6*s**2 - 8*s + 3. Let w be b(4). Suppose j + 3*u - 467 = -j, 0 = -w*j - u + 704. List the prime factors of j.
5, 47
Let t(m) = -m - 6. Let s be t(-3). What are the prime factors of ((-2)/4)/(s/186)?
31
Suppose 27 = 3*u - 396. Suppose 2*c - 3*c + u = 0. Suppose 31 = 4*g + 4*m - 109, 0 = -4*g - 5*m + c. What are the prime factors of g?
2, 17
Suppose -2*c = 3*c. Suppose c = 13*v - 14*v + 27. What are the prime factors of v?
3
Let h = -666 - -1248. Suppose 0 = 2*g + 3*a - h + 180, -814 = -4*g - a. What are the prime factors of g?
2, 3, 17
Suppose 131 = -2*n + 49. Let p = n + 97. What are the prime factors of p?
2, 7
Suppose 3*a - 7 = 14. Let k(c) = 2*c**3 - 13*c**2 + 4*c + 5. List the prime factors of k(a).
2, 41
Let i = 231 - 391. Let f = i - -270. List the prime factors of f.
2, 5, 11
Suppose 8*b - 17925 = 14955. List the prime factors of b.
2, 3, 5, 137
What are the prime factors of 1 + (-11 + 12 - -3447)?
3449
Suppose 11*t - 3464 - 5226 = 0. List the prime factors of t.
2, 5, 79
Suppose 2*d - 4*g = 452, 886 = 4*d - 10*g + 11*g. List the prime factors of d.
2, 3, 37
Suppose 22551 = 8*b - 681. What are the prime factors of b?
2, 3, 11
Let w = 27 - 33. Let y(x) = -13*x - 11. What are the prime factors of y(w)?
67
Suppose 8*q - 11*q = 3*t - 1632, 4*t + q - 2188 = 0. List the prime factors of t.
2, 137
Suppose -12 = -2*b + 2*h + 2*h, -16 = -4*b + 4*h. Let a be 1 - b - 9/(-1). Suppose -2*f - 2 + a = 0. What are the prime factors of f?
3
Suppose -3*w + 28 = 4*w. Suppose 5*r - 877 = -2*z, -2*r + 305 + 65 = -w*z. List the prime factors of r.
3, 59
Suppose -5*p + 2*p + 45 = -4*x, 0 = 3*p + 3*x - 24. Let y(s) = s**3 - 11*s**2 + 3*s + 11. What are the prime factors of y(p)?
2, 11
Suppose 0*b + 22 = b. Suppose 0*f = 17*f - 238. Let k = b + f. List the prime factors of k.
2, 3
Suppose 4*q - 13693 = 6779. What are the prime factors of q?
2, 3, 853
Let j(n) be the second derivative of 5*n**4/3 + n**3/3 + n**2 + 2*n. Suppose 25*k + 19 + 6 = 0. What are the prime factors of j(k)?
2, 5
Suppose i - d - 5 = 0, -5*i - 5*d - 1 = 24. Suppose -3*o - 4*b + 362 = i, b - 15 = -2*b. List the prime factors of o.
2, 3, 19
Let t(n) = -n**3 + n**2. Let v(m) = 4*m**3 - 10*m**2 + 2*m. Let d(s) = -5*t(s) - v(s). What are the prime factors of d(2)?
2, 3
Let t = -2538 + 2855. List the prime factors of t.
317
What are the prime factors of (2 - 0) + (3818 - 38)?
2, 31, 61
Let w(a) = -2*a**3 + 58*a**2 - 43*a + 44. What are the prime factors of w(28)?
2, 3, 17
Suppose -4*g + 108 - 28 = 0. Suppose -2*b + g = 2. Suppose 2*s - 3*w - 146 - b = 0, -4*s + 306 = -2*w. What are the prime factors of s?
2, 19
Suppose -8 = 2*a + 14. What are the prime factors of (-2)/a - (-5)/((-55)/(-1307))?
7, 17
List the prime factors of (5/((-40)/1244))/(4/(-8)).
311
Let h(f) = f**2 - 5*f + 1. Let j = -13 - -18. Let t be h(j). What are the prime factors of t - (-16)/(-1 - -3)?
3
Suppose 3*n = -2*o + 3928, -843 = 3*n + 5*o - 4759. What are the prime factors of n?
2, 41
Suppose -4*c + 2601 = -5*g - 6128, 2*c - 3*g - 4363 = 0. What are the prime factors of c?
2, 1093
Let v(a) = a**3 + 9*a**2 - a - 10. Let q = -15 - -6. Let s be v(q). What are the prime factors of (-132)/(-3 - s) - -2?
2, 17
Let h(x) = x**3 + x**2 + x + 1. Let g be h(0). List the prime factors of 0 - -191 - 4/(1 + g).
3, 7
Let w = 224 + 724. List the prime factors of w.
2, 3, 79
List the prime factors of 12/54 + (-3950)/(-45).
2, 11
Let c = -1029 + 1446. What are the prime factors of c?
3, 139
Let c = -6 - -3400. What are the prime factors of c?
2, 1697
What are the prime factors of 17673/18 + (-90)/108?
3, 109
Let m be ((-20)/(-16) + 0)/((-1)/(-4)). Suppose 286 = 2*d + m*y - 3*y, -294 = -2*d - 4*y. What are the prime factors of d?
139
Let k(d) = 3*d + 12. Let b be k(-3). Suppose -7*u = -b*u - 72. List the prime factors of u.
2, 3
Suppose -2*g - 15 = 2*t - 7*t, -4*t + 12 = 0. Suppose -5*r + 668 + 7 = g. What are the prime factors of r?
3, 5
Let y be 100*6/(-72)*-9. Suppose 5*v = 10*v - y. List the prime factors of v.
3, 5
Suppose 0 = 4*a, 4*d + 3*a - 56 = 2*d. Suppose 5*g = 4*f - 56, 2*g = -2*f + 5*g + d. What are the prime factors of f?
2, 7
Let i(l) = 6*l**2 + 2*l - 8. Let q be i(-5). Suppose q = 3*w + w. Let g = w + -7. What are the prime factors of g?
2, 13
Let p be (12/10)/(30/100). What are the prime factors of 2/p - (-95)/2?
2, 3
Suppose -2*r - 8 = 3*n, 12 = -4*n - 5*r - 8. Let w be 1 - (-3 - -2 - 2). Suppose n = -m + w + 5. What are the prime factors of m?
3
List the prime factors of ((-120)/300)/((4/(-4570))/2).
2, 457
Let b = 43 + 699. List the prime factors of b.
2, 7, 53
Let c(w) = w**2 - 13*w + 13. Let h(m) = -6 + 14*m**2 + 6. Let u be h(-1). List the prime factors of c(u).
3
Let x = -144 - -144. What are the prime factors of (-5 - x)/((-16)/944)?
5, 59
What are the prime factors of (986 - 18)*4/8?
2, 11
Let u = 185 + -86. What are the prime factors of u?
3, 11
Suppose 114*j - 113*j - 400 = 0. List the prime factors of j.
2, 5
Let f = 12 + -8. Suppose -f*r - r - 35 = 0. Let l = 3 - r. List the prime factors of l.
2, 5
Let b(h) = -h**2 - 10*h - 9. Let d = -17 - -21. Suppose -6*q = -q - i + 29, 2*q - d*i + 8 = 0. List the prime factors of b(q).
3, 5
Let a(g) = 5*g**2 + 29*g - 22. What are the prime factors of a(-15)?
2, 167
Suppose 5*j + 9 = 2*j, j = 3*s + 177. Let m be (s/35)/(2/(-35)). List the prime factors of 3 + 1/(1/m).
3, 11
Let z(p) = -70*p - 66. What are the prime factors of z(-5)?
2, 71
List the prime factors of ((-21)/14 - -1)/1*-5024.
2, 157
Let v(i) = 3*i**2 + 12*i + 7. Let j be v(-5). Suppose j = 3*a - 26. What are the prime factors of a?
2
Let t = -114 - -115. List the prime factors of t + (56 - ((-24)/(-4))/3).
5, 11
Let l(v) = v**2 + 7*v + 14. Let r be l(-11). Suppose -19 = -h + r. List the prime factors of h.
7, 11
Let a(r) = -2*r**2 - 17*r - 2. What are the prime factors of a(-3)?
31
What are the prime factors of (-26*(-164)/(-10))/(6/(-15))?
2, 13, 41
Suppose -7*d - 13*d = 1620. Let y be (-58)/4*(-2 + 6). Let r = y - d. List the prime factors of r.
23
Suppose 2*p - 1631 = -5*y, -y + 823 = -p + 2*p. List the prime factors of p.
2, 3, 23
Let k be (1 + 2)*(8 - 13). Let r(c) = c**2 + 13*c - 11. Let o be r(k). Suppose -21 = -v + 3*q, o = 2*